{"id":1577,"date":"2022-12-11T00:08:29","date_gmt":"2022-12-10T23:08:29","guid":{"rendered":"https:\/\/jesyh.fr\/?post_type=product&#038;p=1577"},"modified":"2024-08-10T16:18:43","modified_gmt":"2024-08-10T14:18:43","slug":"raissa-nuisette-noire-dentelle","status":"publish","type":"product","link":"https:\/\/jesyh.fr\/index.php\/produit\/raissa-nuisette-noire-dentelle\/","title":{"rendered":"Ra\u00efssa Nuisette Noire"},"content":{"rendered":"<p>\u2764\ufe0f\u200a\u200aAssumez votre sensualit\u00e9 avec cette jolie nuisette noire Ra\u00efssa \u00e0 la dentelle de la marque de qualit\u00e9, \u00a0jeu de transparence, ce mod\u00e8le r\u00e9v\u00e8le vos courbes voluptueuses sensuelles. La nuisette est en valeur par un noeud en satin.<\/p>\n<p>Ra\u00efssa nuisette noire et un string correspondant est inclus.<\/p>\n<p>Composition : 95 % polyester + 5 % \u00e9lasthanne.<\/p>\n<p>\u2764\ufe0f\u200aNuisette ra\u00efssa de couleur noire en deux pi\u00e8ces volante \u00e9l\u00e9gante multi-fibres noire, robe de nuit sans manches, sexy, charmant.<\/p>\n<p>\u2764\ufe0f\u200aDesign en deux pi\u00e8ces, vous pourrez y dormir tous les jours, chez vous. En vacance, \u00e0 l\u2019h\u00f4tel, en voyage, pour votre lune de miel, la Saint-Valentin, et aussi \u00e0 toute occasion romantique.<\/p>\n<p>\u2764\ufe0f\u200a La \u00a0nuisette ra\u00efssa noire \u00e0 la dentelle est lavable \u00e0 la machine. Mais le lavage \u00e0 la main dans de l&rsquo;eau de 30 degr\u00e9s, il est important pour le bon entretien de votre nuisette et sa dur\u00e9e de vie. La chemise de nuit apporte votre c\u00f4t\u00e9 sensuel, s\u00e9duisant, mais le plaisir est de partager avec votre partenaire. En effet, cette chemise de nuit a un design magnifique. \u00c0 la fin une chemise de nuit et son string toujours ensemble dans votre sac, valise, armoire.<\/p>\n<p>\u2764\ufe0f\u200aLa boutique de lingerie sexy Jesyh.fr met \u00e0 votre disposition une marque de qualit\u00e9. Cette marque de lingerie propose une gamme compl\u00e8te d\u2019articles souvent tr\u00e8s sexy dans une qualit\u00e9 de finitions parfaites avec en particulier un tr\u00e8s beau choix de nuisettes sexy et de body<a href=\"https:\/\/jesyh.fr\/index.php\/produit\/body-femme-dentelle-noire\/\">\ud83e\ude71<\/a>. Les photos suggestives vous permettront de l&rsquo;offrir, de cette collection et le packaging propos\u00e9 est id\u00e9al pour faire un cadeau. La lingerie sexy vous propose aussi le choix des petites tailles.<\/p>\n<p><a href=\"https:\/\/www.jesyh.com\/31-ensemble-de-lingerie\">\ud83d\udc40<\/a><\/p>\n<p>&nbsp;<\/p>\n","protected":false},"excerpt":{"rendered":"<p>R\u00e9v\u00e9lez votre sexualit\u00e9 avec assurance gr\u00e2ce \u00e0 cette nuisette sexy Ra\u00efssa volante \u00e9l\u00e9gante multi-fibres noire.<\/p>\n","protected":false},"featured_media":2351,"comment_status":"open","ping_status":"closed","template":"","meta":{"_monsterinsights_skip_tracking":false,"_monsterinsights_sitenote_active":false,"_monsterinsights_sitenote_note":"","_monsterinsights_sitenote_category":0,"ocean_post_layout":"full-width","ocean_both_sidebars_style":"","ocean_both_sidebars_content_width":0,"ocean_both_sidebars_sidebars_width":0,"ocean_sidebar":"0","ocean_second_sidebar":"0","ocean_disable_margins":"enable","ocean_add_body_class":"","ocean_shortcode_before_top_bar":"","ocean_shortcode_after_top_bar":"","ocean_shortcode_before_header":"","ocean_shortcode_after_header":"","ocean_has_shortcode":"","ocean_shortcode_after_title":"","ocean_shortcode_before_footer_widgets":"","ocean_shortcode_after_footer_widgets":"","ocean_shortcode_before_footer_bottom":"","ocean_shortcode_after_footer_bottom":"","ocean_display_top_bar":"default","ocean_display_header":"default","ocean_header_style":"","ocean_center_header_left_menu":"0","ocean_custom_header_template":"0","ocean_custom_logo":0,"ocean_custom_retina_logo":0,"ocean_custom_logo_max_width":0,"ocean_custom_logo_tablet_max_width":0,"ocean_custom_logo_mobile_max_width":0,"ocean_custom_logo_max_height":0,"ocean_custom_logo_tablet_max_height":0,"ocean_custom_logo_mobile_max_height":0,"ocean_header_custom_menu":"0","ocean_menu_typo_font_family":"0","ocean_menu_typo_font_subset":"","ocean_menu_typo_font_size":0,"ocean_menu_typo_font_size_tablet":0,"ocean_menu_typo_font_size_mobile":0,"ocean_menu_typo_font_size_unit":"px","ocean_menu_typo_font_weight":"","ocean_menu_typo_font_weight_tablet":"","ocean_menu_typo_font_weight_mobile":"","ocean_menu_typo_transform":"","ocean_menu_typo_transform_tablet":"","ocean_menu_typo_transform_mobile":"","ocean_menu_typo_line_height":0,"ocean_menu_typo_line_height_tablet":0,"ocean_menu_typo_line_height_mobile":0,"ocean_menu_typo_line_height_unit":"","ocean_menu_typo_spacing":0,"ocean_menu_typo_spacing_tablet":0,"ocean_menu_typo_spacing_mobile":0,"ocean_menu_typo_spacing_unit":"","ocean_menu_link_color":"","ocean_menu_link_color_hover":"","ocean_menu_link_color_active":"","ocean_menu_link_background":"","ocean_menu_link_hover_background":"","ocean_menu_link_active_background":"","ocean_menu_social_links_bg":"","ocean_menu_social_hover_links_bg":"","ocean_menu_social_links_color":"","ocean_menu_social_hover_links_color":"","ocean_disable_title":"default","ocean_disable_heading":"default","ocean_post_title":"","ocean_post_subheading":"","ocean_post_title_style":"","ocean_post_title_background_color":"","ocean_post_title_background":0,"ocean_post_title_bg_image_position":"","ocean_post_title_bg_image_attachment":"","ocean_post_title_bg_image_repeat":"","ocean_post_title_bg_image_size":"","ocean_post_title_height":0,"ocean_post_title_bg_overlay":0.5,"ocean_post_title_bg_overlay_color":"","ocean_disable_breadcrumbs":"default","ocean_breadcrumbs_color":"","ocean_breadcrumbs_separator_color":"","ocean_breadcrumbs_links_color":"","ocean_breadcrumbs_links_hover_color":"","ocean_display_footer_widgets":"default","ocean_display_footer_bottom":"default","ocean_custom_footer_template":"0"},"product_brand":[],"product_cat":[43],"product_tag":[],"class_list":{"0":"post-1577","1":"product","2":"type-product","3":"status-publish","4":"has-post-thumbnail","6":"product_cat-nuisette-femme-poitrine-genereuse","8":"entry","9":"has-media","11":"first","12":"instock","13":"taxable","14":"shipping-taxable","15":"purchasable","16":"product-type-simple","17":"has-product-nav","18":"col","19":"span_1_of_3","20":"owp-content-center","21":"owp-thumbs-layout-horizontal","22":"owp-btn-normal","23":"owp-tabs-layout-horizontal"},"yoast_head":"<!-- This site is optimized with the Yoast SEO plugin v27.5 - https:\/\/yoast.com\/product\/yoast-seo-wordpress\/ -->\n<title>Ra\u00efssa Nuisette Noire dentelle femme poitrine g\u00e9n\u00e9reuse pas cher<\/title>\n<meta name=\"description\" content=\"Ra\u00efssa Nuisette Noire en dentelle de haute qualit\u00e9 pas cher pour femme \u00e0 poitrine g\u00e9n\u00e9reuse. Marque de lingerie sexy Grand Couronne Seine Maritime Normandie\" \/>\n<meta name=\"robots\" content=\"index, follow, max-snippet:-1, max-image-preview:large, max-video-preview:-1\" \/>\n<link rel=\"canonical\" href=\"https:\/\/jesyh.fr\/index.php\/produit\/raissa-nuisette-noire-dentelle\/\" \/>\n<meta property=\"og:locale\" content=\"fr_FR\" \/>\n<meta property=\"og:type\" content=\"article\" \/>\n<meta property=\"og:title\" content=\"Ra\u00efssa Nuisette Noire dentelle femme poitrine g\u00e9n\u00e9reuse pas cher\" \/>\n<meta property=\"og:description\" content=\"Ra\u00efssa Nuisette Noire en dentelle de haute qualit\u00e9 pas cher pour femme \u00e0 poitrine g\u00e9n\u00e9reuse. Marque de lingerie sexy Grand Couronne Seine Maritime Normandie\" \/>\n<meta property=\"og:url\" content=\"https:\/\/jesyh.fr\/index.php\/produit\/raissa-nuisette-noire-dentelle\/\" \/>\n<meta property=\"article:publisher\" content=\"https:\/\/www.facebook.com\/profile.php?id=100063464531976\" \/>\n<meta property=\"article:modified_time\" content=\"2024-08-10T14:18:43+00:00\" \/>\n<meta property=\"og:image\" content=\"https:\/\/jesyh.fr\/wp-content\/uploads\/2022\/12\/20211126180399459945.jpg\" \/>\n\t<meta property=\"og:image:width\" content=\"1000\" \/>\n\t<meta property=\"og:image:height\" content=\"1300\" \/>\n\t<meta property=\"og:image:type\" content=\"image\/jpeg\" \/>\n<meta name=\"twitter:card\" content=\"summary_large_image\" \/>\n<meta name=\"twitter:label1\" content=\"Dur\u00e9e de lecture estim\u00e9e\" \/>\n\t<meta name=\"twitter:data1\" content=\"2 minutes\" \/>\n<script type=\"application\/ld+json\" class=\"yoast-schema-graph\">{\"@context\":\"https:\\\/\\\/schema.org\",\"@graph\":[{\"@type\":\"WebPage\",\"@id\":\"https:\\\/\\\/jesyh.fr\\\/index.php\\\/produit\\\/raissa-nuisette-noire-dentelle\\\/\",\"url\":\"https:\\\/\\\/jesyh.fr\\\/index.php\\\/produit\\\/raissa-nuisette-noire-dentelle\\\/\",\"name\":\"Ra\u00efssa Nuisette Noire dentelle femme poitrine g\u00e9n\u00e9reuse pas cher\",\"isPartOf\":{\"@id\":\"https:\\\/\\\/jesyh.fr\\\/#website\"},\"primaryImageOfPage\":{\"@id\":\"https:\\\/\\\/jesyh.fr\\\/index.php\\\/produit\\\/raissa-nuisette-noire-dentelle\\\/#primaryimage\"},\"image\":{\"@id\":\"https:\\\/\\\/jesyh.fr\\\/index.php\\\/produit\\\/raissa-nuisette-noire-dentelle\\\/#primaryimage\"},\"thumbnailUrl\":\"https:\\\/\\\/jesyh.fr\\\/wp-content\\\/uploads\\\/2022\\\/12\\\/20211126180399459945.jpg\",\"datePublished\":\"2022-12-10T23:08:29+00:00\",\"dateModified\":\"2024-08-10T14:18:43+00:00\",\"description\":\"Ra\u00efssa Nuisette Noire en dentelle de haute qualit\u00e9 pas cher pour femme \u00e0 poitrine g\u00e9n\u00e9reuse. Marque de lingerie sexy Grand Couronne Seine Maritime Normandie\",\"breadcrumb\":{\"@id\":\"https:\\\/\\\/jesyh.fr\\\/index.php\\\/produit\\\/raissa-nuisette-noire-dentelle\\\/#breadcrumb\"},\"inLanguage\":\"fr-FR\",\"potentialAction\":[{\"@type\":\"ReadAction\",\"target\":[\"https:\\\/\\\/jesyh.fr\\\/index.php\\\/produit\\\/raissa-nuisette-noire-dentelle\\\/\"]}]},{\"@type\":\"ImageObject\",\"inLanguage\":\"fr-FR\",\"@id\":\"https:\\\/\\\/jesyh.fr\\\/index.php\\\/produit\\\/raissa-nuisette-noire-dentelle\\\/#primaryimage\",\"url\":\"https:\\\/\\\/jesyh.fr\\\/wp-content\\\/uploads\\\/2022\\\/12\\\/20211126180399459945.jpg\",\"contentUrl\":\"https:\\\/\\\/jesyh.fr\\\/wp-content\\\/uploads\\\/2022\\\/12\\\/20211126180399459945.jpg\",\"width\":1000,\"height\":1300,\"caption\":\"Ra\u00efssa Nuisette Noire dentelle\\\/Jesyh.fr\"},{\"@type\":\"BreadcrumbList\",\"@id\":\"https:\\\/\\\/jesyh.fr\\\/index.php\\\/produit\\\/raissa-nuisette-noire-dentelle\\\/#breadcrumb\",\"itemListElement\":[{\"@type\":\"ListItem\",\"position\":1,\"name\":\"Accueil\",\"item\":\"https:\\\/\\\/jesyh.fr\\\/\"},{\"@type\":\"ListItem\",\"position\":2,\"name\":\"Boutique\",\"item\":\"https:\\\/\\\/jesyh.fr\\\/index.php\\\/boutique-lingerie-pour-femme-a-grand-couronne\\\/\"},{\"@type\":\"ListItem\",\"position\":3,\"name\":\"Ra\u00efssa Nuisette Noire\"}]},{\"@type\":\"WebSite\",\"@id\":\"https:\\\/\\\/jesyh.fr\\\/#website\",\"url\":\"https:\\\/\\\/jesyh.fr\\\/\",\"name\":\"\",\"description\":\"\",\"potentialAction\":[{\"@type\":\"SearchAction\",\"target\":{\"@type\":\"EntryPoint\",\"urlTemplate\":\"https:\\\/\\\/jesyh.fr\\\/?s={search_term_string}\"},\"query-input\":{\"@type\":\"PropertyValueSpecification\",\"valueRequired\":true,\"valueName\":\"search_term_string\"}}],\"inLanguage\":\"fr-FR\"}]}<\/script>\n<!-- \/ Yoast SEO plugin. -->","yoast_head_json":{"title":"Ra\u00efssa Nuisette Noire dentelle femme poitrine g\u00e9n\u00e9reuse pas cher","description":"Ra\u00efssa Nuisette Noire en dentelle de haute qualit\u00e9 pas cher pour femme \u00e0 poitrine g\u00e9n\u00e9reuse. Marque de lingerie sexy Grand Couronne Seine Maritime Normandie","robots":{"index":"index","follow":"follow","max-snippet":"max-snippet:-1","max-image-preview":"max-image-preview:large","max-video-preview":"max-video-preview:-1"},"canonical":"https:\/\/jesyh.fr\/index.php\/produit\/raissa-nuisette-noire-dentelle\/","og_locale":"fr_FR","og_type":"article","og_title":"Ra\u00efssa Nuisette Noire dentelle femme poitrine g\u00e9n\u00e9reuse pas cher","og_description":"Ra\u00efssa Nuisette Noire en dentelle de haute qualit\u00e9 pas cher pour femme \u00e0 poitrine g\u00e9n\u00e9reuse. Marque de lingerie sexy Grand Couronne Seine Maritime Normandie","og_url":"https:\/\/jesyh.fr\/index.php\/produit\/raissa-nuisette-noire-dentelle\/","article_publisher":"https:\/\/www.facebook.com\/profile.php?id=100063464531976","article_modified_time":"2024-08-10T14:18:43+00:00","og_image":[{"width":1000,"height":1300,"url":"https:\/\/jesyh.fr\/wp-content\/uploads\/2022\/12\/20211126180399459945.jpg","type":"image\/jpeg"}],"twitter_card":"summary_large_image","twitter_misc":{"Dur\u00e9e de lecture estim\u00e9e":"2 minutes"},"schema":{"@context":"https:\/\/schema.org","@graph":[{"@type":"WebPage","@id":"https:\/\/jesyh.fr\/index.php\/produit\/raissa-nuisette-noire-dentelle\/","url":"https:\/\/jesyh.fr\/index.php\/produit\/raissa-nuisette-noire-dentelle\/","name":"Ra\u00efssa Nuisette Noire dentelle femme poitrine g\u00e9n\u00e9reuse pas cher","isPartOf":{"@id":"https:\/\/jesyh.fr\/#website"},"primaryImageOfPage":{"@id":"https:\/\/jesyh.fr\/index.php\/produit\/raissa-nuisette-noire-dentelle\/#primaryimage"},"image":{"@id":"https:\/\/jesyh.fr\/index.php\/produit\/raissa-nuisette-noire-dentelle\/#primaryimage"},"thumbnailUrl":"https:\/\/jesyh.fr\/wp-content\/uploads\/2022\/12\/20211126180399459945.jpg","datePublished":"2022-12-10T23:08:29+00:00","dateModified":"2024-08-10T14:18:43+00:00","description":"Ra\u00efssa Nuisette Noire en dentelle de haute qualit\u00e9 pas cher pour femme \u00e0 poitrine g\u00e9n\u00e9reuse. Marque de lingerie sexy Grand Couronne Seine Maritime Normandie","breadcrumb":{"@id":"https:\/\/jesyh.fr\/index.php\/produit\/raissa-nuisette-noire-dentelle\/#breadcrumb"},"inLanguage":"fr-FR","potentialAction":[{"@type":"ReadAction","target":["https:\/\/jesyh.fr\/index.php\/produit\/raissa-nuisette-noire-dentelle\/"]}]},{"@type":"ImageObject","inLanguage":"fr-FR","@id":"https:\/\/jesyh.fr\/index.php\/produit\/raissa-nuisette-noire-dentelle\/#primaryimage","url":"https:\/\/jesyh.fr\/wp-content\/uploads\/2022\/12\/20211126180399459945.jpg","contentUrl":"https:\/\/jesyh.fr\/wp-content\/uploads\/2022\/12\/20211126180399459945.jpg","width":1000,"height":1300,"caption":"Ra\u00efssa Nuisette Noire dentelle\/Jesyh.fr"},{"@type":"BreadcrumbList","@id":"https:\/\/jesyh.fr\/index.php\/produit\/raissa-nuisette-noire-dentelle\/#breadcrumb","itemListElement":[{"@type":"ListItem","position":1,"name":"Accueil","item":"https:\/\/jesyh.fr\/"},{"@type":"ListItem","position":2,"name":"Boutique","item":"https:\/\/jesyh.fr\/index.php\/boutique-lingerie-pour-femme-a-grand-couronne\/"},{"@type":"ListItem","position":3,"name":"Ra\u00efssa Nuisette Noire"}]},{"@type":"WebSite","@id":"https:\/\/jesyh.fr\/#website","url":"https:\/\/jesyh.fr\/","name":"","description":"","potentialAction":[{"@type":"SearchAction","target":{"@type":"EntryPoint","urlTemplate":"https:\/\/jesyh.fr\/?s={search_term_string}"},"query-input":{"@type":"PropertyValueSpecification","valueRequired":true,"valueName":"search_term_string"}}],"inLanguage":"fr-FR"}]}},"jetpack_sharing_enabled":true,"_links":{"self":[{"href":"https:\/\/jesyh.fr\/index.php\/wp-json\/wp\/v2\/product\/1577","targetHints":{"allow":["GET"]}}],"collection":[{"href":"https:\/\/jesyh.fr\/index.php\/wp-json\/wp\/v2\/product"}],"about":[{"href":"https:\/\/jesyh.fr\/index.php\/wp-json\/wp\/v2\/types\/product"}],"replies":[{"embeddable":true,"href":"https:\/\/jesyh.fr\/index.php\/wp-json\/wp\/v2\/comments?post=1577"}],"wp:featuredmedia":[{"embeddable":true,"href":"https:\/\/jesyh.fr\/index.php\/wp-json\/wp\/v2\/media\/2351"}],"wp:attachment":[{"href":"https:\/\/jesyh.fr\/index.php\/wp-json\/wp\/v2\/media?parent=1577"}],"wp:term":[{"taxonomy":"product_brand","embeddable":true,"href":"https:\/\/jesyh.fr\/index.php\/wp-json\/wp\/v2\/product_brand?post=1577"},{"taxonomy":"product_cat","embeddable":true,"href":"https:\/\/jesyh.fr\/index.php\/wp-json\/wp\/v2\/product_cat?post=1577"},{"taxonomy":"product_tag","embeddable":true,"href":"https:\/\/jesyh.fr\/index.php\/wp-json\/wp\/v2\/product_tag?post=1577"}],"curies":[{"name":"wp","href":"https:\/\/api.w.org\/{rel}","templated":true}]}}