{"id":1655,"date":"2023-03-10T15:49:29","date_gmt":"2023-03-10T14:49:29","guid":{"rendered":"https:\/\/jesyh.fr\/?post_type=product&#038;p=1655"},"modified":"2023-04-23T02:35:50","modified_gmt":"2023-04-23T00:35:50","slug":"stimulant-erection-et-virilite","status":"publish","type":"product","link":"https:\/\/jesyh.fr\/index.php\/produit\/stimulant-erection-et-virilite\/","title":{"rendered":"EREC Tab 20 comprim\u00e9s"},"content":{"rendered":"<p>EREC est un stimulant \u00e9rection et virilit\u00e9.<\/p>\n<p>Stimulant sexuel<br \/>\nProduit 100% fran\u00e7ais.<br \/>\nConformit\u00e9 avec les r\u00e8glementations europ\u00e9ennes.<br \/>\n20 comprim\u00e9<\/p>\n<h4>Qui est concern\u00e9<\/h4>\n<p>Des hommes m\u00e9contents de leurs \u00e9rections.<br \/>\nDes hommes sans \u00e9nergie sexuelle.<\/p>\n<h4>Les principaux composants EREC<\/h4>\n<ul>\n<li>Le Tribulus aide \u00e0 am\u00e9liorer la fonction \u00e9rectile et les performances sexuelles chez l\u2019homme.<\/li>\n<li>Le Ginseng aide \u00e0 induire et \u00e0 am\u00e9liorer l\u2019\u00e9rection.<\/li>\n<li>L\u2019Astragale aide \u00e0 la circulation sanguine et \u00e0 la pression vasculaire.\u00a0Par ses propri\u00e9t\u00e9s toniques et stimulantes, il contribue \u00e0 retrouver un bien-\u00eatre physique et mental.<\/li>\n<li>L\u2019Ashwagandha aide \u00e0 favoriser la fonction sexuelle masculine. Il contribue \u00e0 maintenir une r\u00e9sistance optimale, un sentiment d&rsquo;\u00e9nergie et de vitalit\u00e9<\/li>\n<\/ul>\n<h4>Comment l\u2019utiliser<\/h4>\n<p>Stimulant \u00e9rection et virilit\u00e9 prendre\u00a02 g\u00e9lules 1 heure avant une relation sexuelle.<\/p>\n<p>La bo\u00eete contient 20 comprim\u00e9s et son poids net est de 15g<\/p>\n<h4>Les ingr\u00e9dients<\/h4>\n<ul>\n<li>Extrait d\u2019Astragale : 200 mg<\/li>\n<li>Extrait d\u2019Ashwagandha : 160 mg<\/li>\n<li>Extrait de Tribulus : 150 mg<\/li>\n<li>Extrait de Ginseng : 90 mg<\/li>\n<li>Extrait de Gingembre : 50 mg<\/li>\n<li>Extrait de Poivre noir : 1 mg<\/li>\n<li>Vitamine B6\u00a0: 1,4 mg (100% AR*)<\/li>\n<li>Vitamine B8\u00a0: 50 \u00b5g (100% AR*)<\/li>\n<li>Apports de R\u00e9f\u00e9rence.<\/li>\n<\/ul>\n<h4>Avertissement<\/h4>\n<p>&nbsp;<\/p>\n<p>Les compl\u00e9ments alimentaires ne doivent pas remplacer une alimentation diversifi\u00e9e et \u00e9quilibr\u00e9e. Pour une consommation qui fait partie d\u2019un mode de vie sain. Ne pas d\u00e9passer la dose recommand\u00e9e par jour. Ne pas laisser entre les mains des enfants. Demandez conseil \u00e0 votre m\u00e9decin ou pharmacien en cas d\u2019utilisation simultan\u00e9e d\u2019un anticoagulant. Ne pas utiliser chez les femmes enceintes ou allaitantes et les personnes sous traitement m\u00e9dical. Pour votre sant\u00e9, mangez au moins cinq fruits et l\u00e9gumes par jour, pratiquez une activit\u00e9 physique r\u00e9guli\u00e8re, \u00e9vitez de manger trop gras, trop sucr\u00e9, trop sal\u00e9, \u00e9vitez de grignoter entre les repas.<a href=\"https:\/\/www.mangerbouger.fr\">\ud83c\udf46\u200a\ud83c\udf36\ufe0f<\/a><\/p>\n<p>&nbsp;<\/p>\n","protected":false},"excerpt":{"rendered":"<p>Labophyto ErecTab est un stimulant sexuel \u00e0 action rapide qui permet d&rsquo;am\u00e9liorer la fonction \u00e9rectile et la performance sexuelle des hommes. Les comprim\u00e9s ErecTab am\u00e9liorer la fonction \u00e9rectile en facilitant la circulation sanguine r\u00e9sultant donc d&rsquo;une meilleure rigidit\u00e9 du p\u00e9nis.<\/p>\n","protected":false},"featured_media":1872,"comment_status":"open","ping_status":"closed","template":"","meta":{"_monsterinsights_skip_tracking":false,"_monsterinsights_sitenote_active":false,"_monsterinsights_sitenote_note":"","_monsterinsights_sitenote_category":0,"ocean_post_layout":"full-width","ocean_both_sidebars_style":"","ocean_both_sidebars_content_width":0,"ocean_both_sidebars_sidebars_width":0,"ocean_sidebar":"0","ocean_second_sidebar":"0","ocean_disable_margins":"enable","ocean_add_body_class":"","ocean_shortcode_before_top_bar":"","ocean_shortcode_after_top_bar":"","ocean_shortcode_before_header":"","ocean_shortcode_after_header":"","ocean_has_shortcode":"","ocean_shortcode_after_title":"","ocean_shortcode_before_footer_widgets":"","ocean_shortcode_after_footer_widgets":"","ocean_shortcode_before_footer_bottom":"","ocean_shortcode_after_footer_bottom":"","ocean_display_top_bar":"default","ocean_display_header":"default","ocean_header_style":"","ocean_center_header_left_menu":"0","ocean_custom_header_template":"0","ocean_custom_logo":0,"ocean_custom_retina_logo":0,"ocean_custom_logo_max_width":0,"ocean_custom_logo_tablet_max_width":0,"ocean_custom_logo_mobile_max_width":0,"ocean_custom_logo_max_height":0,"ocean_custom_logo_tablet_max_height":0,"ocean_custom_logo_mobile_max_height":0,"ocean_header_custom_menu":"0","ocean_menu_typo_font_family":"0","ocean_menu_typo_font_subset":"","ocean_menu_typo_font_size":0,"ocean_menu_typo_font_size_tablet":0,"ocean_menu_typo_font_size_mobile":0,"ocean_menu_typo_font_size_unit":"px","ocean_menu_typo_font_weight":"","ocean_menu_typo_font_weight_tablet":"","ocean_menu_typo_font_weight_mobile":"","ocean_menu_typo_transform":"","ocean_menu_typo_transform_tablet":"","ocean_menu_typo_transform_mobile":"","ocean_menu_typo_line_height":0,"ocean_menu_typo_line_height_tablet":0,"ocean_menu_typo_line_height_mobile":0,"ocean_menu_typo_line_height_unit":"","ocean_menu_typo_spacing":0,"ocean_menu_typo_spacing_tablet":0,"ocean_menu_typo_spacing_mobile":0,"ocean_menu_typo_spacing_unit":"","ocean_menu_link_color":"","ocean_menu_link_color_hover":"","ocean_menu_link_color_active":"","ocean_menu_link_background":"","ocean_menu_link_hover_background":"","ocean_menu_link_active_background":"","ocean_menu_social_links_bg":"","ocean_menu_social_hover_links_bg":"","ocean_menu_social_links_color":"","ocean_menu_social_hover_links_color":"","ocean_disable_title":"default","ocean_disable_heading":"default","ocean_post_title":"","ocean_post_subheading":"","ocean_post_title_style":"","ocean_post_title_background_color":"","ocean_post_title_background":0,"ocean_post_title_bg_image_position":"","ocean_post_title_bg_image_attachment":"","ocean_post_title_bg_image_repeat":"","ocean_post_title_bg_image_size":"","ocean_post_title_height":0,"ocean_post_title_bg_overlay":0.5,"ocean_post_title_bg_overlay_color":"","ocean_disable_breadcrumbs":"default","ocean_breadcrumbs_color":"","ocean_breadcrumbs_separator_color":"","ocean_breadcrumbs_links_color":"","ocean_breadcrumbs_links_hover_color":"","ocean_display_footer_widgets":"default","ocean_display_footer_bottom":"default","ocean_custom_footer_template":"0"},"product_brand":[],"product_cat":[50,67,66],"product_tag":[],"class_list":{"0":"post-1655","1":"product","2":"type-product","3":"status-publish","4":"has-post-thumbnail","6":"product_cat-cosmetique-erotique-pour-adulte","7":"product_cat-homme","8":"product_cat-stimulant","10":"entry","11":"has-media","13":"first","14":"instock","15":"taxable","16":"shipping-taxable","17":"purchasable","18":"product-type-simple","19":"has-product-nav","20":"col","21":"span_1_of_3","22":"owp-content-center","23":"owp-thumbs-layout-horizontal","24":"owp-btn-normal","25":"owp-tabs-layout-horizontal"},"yoast_head":"<!-- This site is optimized with the Yoast SEO plugin v27.5 - https:\/\/yoast.com\/product\/yoast-seo-wordpress\/ -->\n<title>Stimulant \u00e9rection et virilit\u00e9 de Labophyto EREC \u00e0 base de plante.<\/title>\n<meta name=\"description\" content=\"D\u00e9couvrez ce stimulant \u00e9rection et virilit\u00e9 de la marque Labophyto compl\u00e9ment alimentaire \u00e0 base des plantes. Produit fran\u00e7ais de haute qualit\u00e9 chez Jesyh.\" \/>\n<meta name=\"robots\" content=\"index, follow, max-snippet:-1, max-image-preview:large, max-video-preview:-1\" \/>\n<link rel=\"canonical\" href=\"https:\/\/jesyh.fr\/index.php\/produit\/stimulant-erection-et-virilite\/\" \/>\n<meta property=\"og:locale\" content=\"fr_FR\" \/>\n<meta property=\"og:type\" content=\"article\" \/>\n<meta property=\"og:title\" content=\"Stimulant \u00e9rection et virilit\u00e9 de Labophyto EREC \u00e0 base de plante.\" \/>\n<meta property=\"og:description\" content=\"D\u00e9couvrez ce stimulant \u00e9rection et virilit\u00e9 de la marque Labophyto compl\u00e9ment alimentaire \u00e0 base des plantes. Produit fran\u00e7ais de haute qualit\u00e9 chez Jesyh.\" \/>\n<meta property=\"og:url\" content=\"https:\/\/jesyh.fr\/index.php\/produit\/stimulant-erection-et-virilite\/\" \/>\n<meta property=\"article:publisher\" content=\"https:\/\/www.facebook.com\/profile.php?id=100063464531976\" \/>\n<meta property=\"article:modified_time\" content=\"2023-04-23T00:35:50+00:00\" \/>\n<meta property=\"og:image\" content=\"https:\/\/jesyh.fr\/wp-content\/uploads\/2023\/03\/erectab-20-comprimes.jpg\" \/>\n\t<meta property=\"og:image:width\" content=\"600\" \/>\n\t<meta property=\"og:image:height\" content=\"600\" \/>\n\t<meta property=\"og:image:type\" content=\"image\/jpeg\" \/>\n<meta name=\"twitter:card\" content=\"summary_large_image\" \/>\n<meta name=\"twitter:label1\" content=\"Dur\u00e9e de lecture estim\u00e9e\" \/>\n\t<meta name=\"twitter:data1\" content=\"2 minutes\" \/>\n<script type=\"application\/ld+json\" class=\"yoast-schema-graph\">{\"@context\":\"https:\\\/\\\/schema.org\",\"@graph\":[{\"@type\":\"WebPage\",\"@id\":\"https:\\\/\\\/jesyh.fr\\\/index.php\\\/produit\\\/stimulant-erection-et-virilite\\\/\",\"url\":\"https:\\\/\\\/jesyh.fr\\\/index.php\\\/produit\\\/stimulant-erection-et-virilite\\\/\",\"name\":\"Stimulant \u00e9rection et virilit\u00e9 de Labophyto EREC \u00e0 base de plante.\",\"isPartOf\":{\"@id\":\"https:\\\/\\\/jesyh.fr\\\/#website\"},\"primaryImageOfPage\":{\"@id\":\"https:\\\/\\\/jesyh.fr\\\/index.php\\\/produit\\\/stimulant-erection-et-virilite\\\/#primaryimage\"},\"image\":{\"@id\":\"https:\\\/\\\/jesyh.fr\\\/index.php\\\/produit\\\/stimulant-erection-et-virilite\\\/#primaryimage\"},\"thumbnailUrl\":\"https:\\\/\\\/jesyh.fr\\\/wp-content\\\/uploads\\\/2023\\\/03\\\/erectab-20-comprimes.jpg\",\"datePublished\":\"2023-03-10T14:49:29+00:00\",\"dateModified\":\"2023-04-23T00:35:50+00:00\",\"description\":\"D\u00e9couvrez ce stimulant \u00e9rection et virilit\u00e9 de la marque Labophyto compl\u00e9ment alimentaire \u00e0 base des plantes. Produit fran\u00e7ais de haute qualit\u00e9 chez Jesyh.\",\"breadcrumb\":{\"@id\":\"https:\\\/\\\/jesyh.fr\\\/index.php\\\/produit\\\/stimulant-erection-et-virilite\\\/#breadcrumb\"},\"inLanguage\":\"fr-FR\",\"potentialAction\":[{\"@type\":\"ReadAction\",\"target\":[\"https:\\\/\\\/jesyh.fr\\\/index.php\\\/produit\\\/stimulant-erection-et-virilite\\\/\"]}]},{\"@type\":\"ImageObject\",\"inLanguage\":\"fr-FR\",\"@id\":\"https:\\\/\\\/jesyh.fr\\\/index.php\\\/produit\\\/stimulant-erection-et-virilite\\\/#primaryimage\",\"url\":\"https:\\\/\\\/jesyh.fr\\\/wp-content\\\/uploads\\\/2023\\\/03\\\/erectab-20-comprimes.jpg\",\"contentUrl\":\"https:\\\/\\\/jesyh.fr\\\/wp-content\\\/uploads\\\/2023\\\/03\\\/erectab-20-comprimes.jpg\",\"width\":600,\"height\":600,\"caption\":\"Erection et virilit\u00e9 EREC\\\/Jesyh.com\"},{\"@type\":\"BreadcrumbList\",\"@id\":\"https:\\\/\\\/jesyh.fr\\\/index.php\\\/produit\\\/stimulant-erection-et-virilite\\\/#breadcrumb\",\"itemListElement\":[{\"@type\":\"ListItem\",\"position\":1,\"name\":\"Accueil\",\"item\":\"https:\\\/\\\/jesyh.fr\\\/\"},{\"@type\":\"ListItem\",\"position\":2,\"name\":\"Boutique\",\"item\":\"https:\\\/\\\/jesyh.fr\\\/index.php\\\/boutique-lingerie-pour-femme-a-grand-couronne\\\/\"},{\"@type\":\"ListItem\",\"position\":3,\"name\":\"EREC Tab 20 comprim\u00e9s\"}]},{\"@type\":\"WebSite\",\"@id\":\"https:\\\/\\\/jesyh.fr\\\/#website\",\"url\":\"https:\\\/\\\/jesyh.fr\\\/\",\"name\":\"\",\"description\":\"\",\"potentialAction\":[{\"@type\":\"SearchAction\",\"target\":{\"@type\":\"EntryPoint\",\"urlTemplate\":\"https:\\\/\\\/jesyh.fr\\\/?s={search_term_string}\"},\"query-input\":{\"@type\":\"PropertyValueSpecification\",\"valueRequired\":true,\"valueName\":\"search_term_string\"}}],\"inLanguage\":\"fr-FR\"}]}<\/script>\n<!-- \/ Yoast SEO plugin. -->","yoast_head_json":{"title":"Stimulant \u00e9rection et virilit\u00e9 de Labophyto EREC \u00e0 base de plante.","description":"D\u00e9couvrez ce stimulant \u00e9rection et virilit\u00e9 de la marque Labophyto compl\u00e9ment alimentaire \u00e0 base des plantes. Produit fran\u00e7ais de haute qualit\u00e9 chez Jesyh.","robots":{"index":"index","follow":"follow","max-snippet":"max-snippet:-1","max-image-preview":"max-image-preview:large","max-video-preview":"max-video-preview:-1"},"canonical":"https:\/\/jesyh.fr\/index.php\/produit\/stimulant-erection-et-virilite\/","og_locale":"fr_FR","og_type":"article","og_title":"Stimulant \u00e9rection et virilit\u00e9 de Labophyto EREC \u00e0 base de plante.","og_description":"D\u00e9couvrez ce stimulant \u00e9rection et virilit\u00e9 de la marque Labophyto compl\u00e9ment alimentaire \u00e0 base des plantes. Produit fran\u00e7ais de haute qualit\u00e9 chez Jesyh.","og_url":"https:\/\/jesyh.fr\/index.php\/produit\/stimulant-erection-et-virilite\/","article_publisher":"https:\/\/www.facebook.com\/profile.php?id=100063464531976","article_modified_time":"2023-04-23T00:35:50+00:00","og_image":[{"width":600,"height":600,"url":"https:\/\/jesyh.fr\/wp-content\/uploads\/2023\/03\/erectab-20-comprimes.jpg","type":"image\/jpeg"}],"twitter_card":"summary_large_image","twitter_misc":{"Dur\u00e9e de lecture estim\u00e9e":"2 minutes"},"schema":{"@context":"https:\/\/schema.org","@graph":[{"@type":"WebPage","@id":"https:\/\/jesyh.fr\/index.php\/produit\/stimulant-erection-et-virilite\/","url":"https:\/\/jesyh.fr\/index.php\/produit\/stimulant-erection-et-virilite\/","name":"Stimulant \u00e9rection et virilit\u00e9 de Labophyto EREC \u00e0 base de plante.","isPartOf":{"@id":"https:\/\/jesyh.fr\/#website"},"primaryImageOfPage":{"@id":"https:\/\/jesyh.fr\/index.php\/produit\/stimulant-erection-et-virilite\/#primaryimage"},"image":{"@id":"https:\/\/jesyh.fr\/index.php\/produit\/stimulant-erection-et-virilite\/#primaryimage"},"thumbnailUrl":"https:\/\/jesyh.fr\/wp-content\/uploads\/2023\/03\/erectab-20-comprimes.jpg","datePublished":"2023-03-10T14:49:29+00:00","dateModified":"2023-04-23T00:35:50+00:00","description":"D\u00e9couvrez ce stimulant \u00e9rection et virilit\u00e9 de la marque Labophyto compl\u00e9ment alimentaire \u00e0 base des plantes. Produit fran\u00e7ais de haute qualit\u00e9 chez Jesyh.","breadcrumb":{"@id":"https:\/\/jesyh.fr\/index.php\/produit\/stimulant-erection-et-virilite\/#breadcrumb"},"inLanguage":"fr-FR","potentialAction":[{"@type":"ReadAction","target":["https:\/\/jesyh.fr\/index.php\/produit\/stimulant-erection-et-virilite\/"]}]},{"@type":"ImageObject","inLanguage":"fr-FR","@id":"https:\/\/jesyh.fr\/index.php\/produit\/stimulant-erection-et-virilite\/#primaryimage","url":"https:\/\/jesyh.fr\/wp-content\/uploads\/2023\/03\/erectab-20-comprimes.jpg","contentUrl":"https:\/\/jesyh.fr\/wp-content\/uploads\/2023\/03\/erectab-20-comprimes.jpg","width":600,"height":600,"caption":"Erection et virilit\u00e9 EREC\/Jesyh.com"},{"@type":"BreadcrumbList","@id":"https:\/\/jesyh.fr\/index.php\/produit\/stimulant-erection-et-virilite\/#breadcrumb","itemListElement":[{"@type":"ListItem","position":1,"name":"Accueil","item":"https:\/\/jesyh.fr\/"},{"@type":"ListItem","position":2,"name":"Boutique","item":"https:\/\/jesyh.fr\/index.php\/boutique-lingerie-pour-femme-a-grand-couronne\/"},{"@type":"ListItem","position":3,"name":"EREC Tab 20 comprim\u00e9s"}]},{"@type":"WebSite","@id":"https:\/\/jesyh.fr\/#website","url":"https:\/\/jesyh.fr\/","name":"","description":"","potentialAction":[{"@type":"SearchAction","target":{"@type":"EntryPoint","urlTemplate":"https:\/\/jesyh.fr\/?s={search_term_string}"},"query-input":{"@type":"PropertyValueSpecification","valueRequired":true,"valueName":"search_term_string"}}],"inLanguage":"fr-FR"}]}},"jetpack_sharing_enabled":true,"_links":{"self":[{"href":"https:\/\/jesyh.fr\/index.php\/wp-json\/wp\/v2\/product\/1655","targetHints":{"allow":["GET"]}}],"collection":[{"href":"https:\/\/jesyh.fr\/index.php\/wp-json\/wp\/v2\/product"}],"about":[{"href":"https:\/\/jesyh.fr\/index.php\/wp-json\/wp\/v2\/types\/product"}],"replies":[{"embeddable":true,"href":"https:\/\/jesyh.fr\/index.php\/wp-json\/wp\/v2\/comments?post=1655"}],"wp:featuredmedia":[{"embeddable":true,"href":"https:\/\/jesyh.fr\/index.php\/wp-json\/wp\/v2\/media\/1872"}],"wp:attachment":[{"href":"https:\/\/jesyh.fr\/index.php\/wp-json\/wp\/v2\/media?parent=1655"}],"wp:term":[{"taxonomy":"product_brand","embeddable":true,"href":"https:\/\/jesyh.fr\/index.php\/wp-json\/wp\/v2\/product_brand?post=1655"},{"taxonomy":"product_cat","embeddable":true,"href":"https:\/\/jesyh.fr\/index.php\/wp-json\/wp\/v2\/product_cat?post=1655"},{"taxonomy":"product_tag","embeddable":true,"href":"https:\/\/jesyh.fr\/index.php\/wp-json\/wp\/v2\/product_tag?post=1655"}],"curies":[{"name":"wp","href":"https:\/\/api.w.org\/{rel}","templated":true}]}}